{"id":716,"date":"2019-12-16T12:29:58","date_gmt":"2019-12-16T11:29:58","guid":{"rendered":"https:\/\/www.lift-me-up.com\/?page_id=716"},"modified":"2024-09-29T12:07:26","modified_gmt":"2024-09-29T10:07:26","slug":"716-2","status":"publish","type":"page","link":"https:\/\/www.lohiregio.de\/?page_id=716","title":{"rendered":""},"content":{"rendered":"\n\n\t<h2>Senioren<\/h2>\n\t<p>Nach dem sogenannten Alterseink\u00fcnftegesetz werden Rentner seit 2005 h\u00f6her besteuert. Gern nehmen wir Ihnen die Unsicherheit und pr\u00fcfen Ihren ganz pers\u00f6nlichen Fall, ob Sie mit Ihren Eink\u00fcnften den Grundfreibetrag \u00fcberschreiten und damit zur Abgabe einer Steuererkl\u00e4rung verpflichtet sind.<\/p>\n<p>Die\u00a0nachgelagerte Besteuerung\u00a0startete 2005 mit einem steuerpflichtigen Rentenanteil von 50 Prozent. Alle, die in jenem Jahr zum ersten Mal eine gesetzliche Rente bekamen, sowie alle, die vorher schon Rente bekamen, m\u00fcssen seither die H\u00e4lfte davon versteuern. Der Freibetrag der \u00fcbrigen 50 Prozent wird auf Lebenszeit festgeschrieben. Wer sich im Jahr darauf, also 2006, aus dem Arbeitsleben verabschiedete, muss bis zum Lebensende 52 Prozent davon versteuern &#8211; seine Hinterbliebenen \u00fcbrigens auch.\u00a0Die stufenweise Anhebung um j\u00e4hrlich 2 Prozent l\u00e4uft bis zum Jahr 2020. Ein Neurentner ist dann schon mit 80 Prozent seiner Rente dabei. Ab 2020 wird der steuerpflichtige Anteil j\u00e4hrlich nur noch um 1 Prozent erh\u00f6ht. Das wird so lange gemacht, bis im Jahr 2040 die 100-Prozent-Besteuerung erreicht ist. Ab dann muss jeder Neu-Ruhest\u00e4ndler seine\u00a0komplette gesetzliche Rente\u00a0mit seinem pers\u00f6nlichen Einkommensteuersatz versteuern.<\/p>\n\t\t\t\t<img loading=\"lazy\" decoding=\"async\" src=\"https:\/\/www.lohiregio.de\/wp-content\/uploads\/2024\/09\/1.png\" alt=\"1\" itemprop=\"image\" height=\"420\" width=\"226\" title=\"1\" onerror=\"this.style.display='none'\"  \/>\n\n","protected":false},"excerpt":{"rendered":"<p>Senioren Nach dem sogenannten Alterseink\u00fcnftegesetz werden Rentner seit 2005 h\u00f6her besteuert. Gern nehmen wir Ihnen die Unsicherheit und pr\u00fcfen Ihren ganz pers\u00f6nlichen Fall, ob Sie mit Ihren Eink\u00fcnften den Grundfreibetrag \u00fcberschreiten und damit zur Abgabe einer Steuererkl\u00e4rung verpflichtet sind. Die\u00a0nachgelagerte Besteuerung\u00a0startete 2005 mit einem steuerpflichtigen Rentenanteil von 50 Prozent. Alle, die in jenem Jahr zum [&hellip;]<\/p>\n","protected":false},"author":2,"featured_media":0,"parent":0,"menu_order":0,"comment_status":"closed","ping_status":"closed","template":"","meta":{"footnotes":""},"class_list":["post-716","page","type-page","status-publish","hentry","wpbf-post"],"_links":{"self":[{"href":"https:\/\/www.lohiregio.de\/index.php?rest_route=\/wp\/v2\/pages\/716","targetHints":{"allow":["GET"]}}],"collection":[{"href":"https:\/\/www.lohiregio.de\/index.php?rest_route=\/wp\/v2\/pages"}],"about":[{"href":"https:\/\/www.lohiregio.de\/index.php?rest_route=\/wp\/v2\/types\/page"}],"author":[{"embeddable":true,"href":"https:\/\/www.lohiregio.de\/index.php?rest_route=\/wp\/v2\/users\/2"}],"replies":[{"embeddable":true,"href":"https:\/\/www.lohiregio.de\/index.php?rest_route=%2Fwp%2Fv2%2Fcomments&post=716"}],"version-history":[{"count":3,"href":"https:\/\/www.lohiregio.de\/index.php?rest_route=\/wp\/v2\/pages\/716\/revisions"}],"predecessor-version":[{"id":1091,"href":"https:\/\/www.lohiregio.de\/index.php?rest_route=\/wp\/v2\/pages\/716\/revisions\/1091"}],"wp:attachment":[{"href":"https:\/\/www.lohiregio.de\/index.php?rest_route=%2Fwp%2Fv2%2Fmedia&parent=716"}],"curies":[{"name":"wp","href":"https:\/\/api.w.org\/{rel}","templated":true}]}}