{"id":705,"date":"2019-12-15T13:05:59","date_gmt":"2019-12-15T12:05:59","guid":{"rendered":"https:\/\/www.lift-me-up.com\/?page_id=705"},"modified":"2025-10-29T17:26:50","modified_gmt":"2025-10-29T16:26:50","slug":"705-2","status":"publish","type":"page","link":"https:\/\/www.lohiregio.de\/?page_id=705","title":{"rendered":""},"content":{"rendered":"\n\n\t<h2>Mitglied einer starken Gemeinschaft<\/h2>\n\tAls Mitglied bei uns k\u00f6nnen Sie sofort s\u00e4mtliche Vorteile und Leistungen des Vereins nutzen.<br \/>\nUnser Leistungsangebot umfasst unter anderem die ganzj\u00e4hrige steuerliche Betreuung von Ihnen als Mitglied, insbesondere die eingehende Beratung und die Analyse Ihrer steuerlichen Situation, die Erstellung und Abgabe Ihrer Einkommensteuererkl\u00e4rung, die Pr\u00fcfung Ihres Steuerbescheids und ggfs. legen wir auch Einspruch ein oder wenn notwendig f\u00fchren wir auch Klage vor dem Finanzgericht. Wir vertreten die Interessen unserer Mitglieder bei Finanzamt und Familienkasse sowie bei Finanzgerichten und dem Bundesfinanzhof.\n<br \/><b>Und das alles ganz ohne Zusatzkosten!<\/b>\n<br \/>\n<br \/>\nEine \u00dcbersicht \u00fcber Ihre Vorteile als Mitglied finden Sie <a href=\"https:\/\/www.lohiregio.de\/?page_id=685\">hier<\/a>.<br \/>\nEinen \u00dcberblick \u00fcber Ihre j\u00e4hrlichen Mitgliedsbeitr\u00e4ge finden Sie <a href=\"https:\/\/www.lohiregio.de\/?page_id=658\">hier<\/a>.<br \/>\n<br \/>\nOder probieren Sie doch direkt unseren Beitragsrechner aus!<br \/>\nEinfach schnell Ihre j\u00e4hrlichen Einnahmen (steuerfrei und steuerpflichtig) eingeben und schon erfahren Sie Ihren pers\u00f6nlichen j\u00e4hrlichen Beitrag f\u00fcr eine sorgenfreie Steuererkl\u00e4rung mit unserer Hilfe.<br \/><br \/>\n  <label for=\"lohi-revenue-input\"><strong>Wie hoch sind Ihre Jahreseinnahmen (brutto)?<\/strong><\/label>\n    <input id=\"lohi-revenue-input\"\n      type=\"text\"\n      inputmode=\"numeric\"\n      autocomplete=\"off\"\n      placeholder=\"0\"\n      aria-label=\"Jahreseinnahmen\"\n    \/>\n    \u20ac\n  Ihr j&auml;hrlicher Beitrag betr&auml;gt 50 \u20ac.\n<br \/>\n<br \/>\n<h4>Mitglied werden<\/h4>\nMitglied in dieser starken Gemeinschaft zu werden, ist ganz einfach:<br \/>\n<br \/><ol>\n    <li>Melden Sie sich <a href=\"tel:04057134688\">telefonisch<\/a> oder \u00fcber unser <a href=\"https:\/\/www.lohiregio.de\/?page_id=649\">Kontaktformular<\/a>, um einen Termin zu vereinbaren.<\/li>\n    <li>Bringen Sie die n\u00f6tigen Unterlagen aus unserer extra f\u00fcr Sie zusammengestellten <a href=\"https:\/\/www.lohiregio.de\/?page_id=670\">Checkliste<\/a> zum Termin mit.<\/li>\n    <li>Genie\u00dfen Sie unseren &quot;Rundum-Sorglos-Service&quot; und sparen Sie ganz einfach Steuern und Zeit!<\/li>\n<\/ol>\n\t\t\t\t<img decoding=\"async\" src=\"https:\/\/www.lohiregio.de\/wp-content\/uploads\/2024\/09\/ground-group-growth-hands_small.jpg\" alt=\"ground-group-growth-hands_small\" itemprop=\"image\" height=\"395\" width=\"488\" title=\"ground-group-growth-hands_small\" onerror=\"this.style.display='none'\" loading=\"lazy\" \/>\n\t<p><strong>Sie brauchen noch mehr Informationen?<\/strong><\/p>\n<p>Vielleicht hilft Ihnen eine der folgenden Seiten weiter:<\/p>\n<ul>\n<li><a href=\"\/?page_id=716\">Steuerberatung f\u00fcr Rentner und Pension\u00e4re<\/a><\/li>\n<li><a href=\"\/?page_id=722\">Steuerberatung f\u00fcr Arbeitnehmer<\/a><\/li>\n<\/ul>\n<p>Oder nutzen Sie doch unser <a href=\"\/?page_id=649\">Kontaktformular<\/a> und wir melden uns sobald wir k\u00f6nnen bei Ihnen zur\u00fcck!<\/p>\n\n","protected":false},"excerpt":{"rendered":"<p>Mitglied einer starken Gemeinschaft Als Mitglied bei uns k\u00f6nnen Sie sofort s\u00e4mtliche Vorteile und Leistungen des Vereins nutzen. Unser Leistungsangebot umfasst unter anderem die ganzj\u00e4hrige steuerliche Betreuung von Ihnen als Mitglied, insbesondere die eingehende Beratung und die Analyse Ihrer steuerlichen Situation, die Erstellung und Abgabe Ihrer Einkommensteuererkl\u00e4rung, die Pr\u00fcfung Ihres Steuerbescheids und ggfs. legen wir [&hellip;]<\/p>\n","protected":false},"author":2,"featured_media":0,"parent":0,"menu_order":0,"comment_status":"closed","ping_status":"closed","template":"","meta":{"footnotes":""},"class_list":["post-705","page","type-page","status-publish","hentry","wpbf-post"],"_links":{"self":[{"href":"https:\/\/www.lohiregio.de\/index.php?rest_route=\/wp\/v2\/pages\/705","targetHints":{"allow":["GET"]}}],"collection":[{"href":"https:\/\/www.lohiregio.de\/index.php?rest_route=\/wp\/v2\/pages"}],"about":[{"href":"https:\/\/www.lohiregio.de\/index.php?rest_route=\/wp\/v2\/types\/page"}],"author":[{"embeddable":true,"href":"https:\/\/www.lohiregio.de\/index.php?rest_route=\/wp\/v2\/users\/2"}],"replies":[{"embeddable":true,"href":"https:\/\/www.lohiregio.de\/index.php?rest_route=%2Fwp%2Fv2%2Fcomments&post=705"}],"version-history":[{"count":15,"href":"https:\/\/www.lohiregio.de\/index.php?rest_route=\/wp\/v2\/pages\/705\/revisions"}],"predecessor-version":[{"id":1171,"href":"https:\/\/www.lohiregio.de\/index.php?rest_route=\/wp\/v2\/pages\/705\/revisions\/1171"}],"wp:attachment":[{"href":"https:\/\/www.lohiregio.de\/index.php?rest_route=%2Fwp%2Fv2%2Fmedia&parent=705"}],"curies":[{"name":"wp","href":"https:\/\/api.w.org\/{rel}","templated":true}]}}